s z(-179)?
-4
Let x(c) = 668*c - 529. Calculate x(3).
1475
Let z(f) = 22*f**2 - 113*f - 678. Determine z(-6).
792
Let o(d) = -215*d**2 + 816*d + 3296. Determine o(-4).
-3408
Let s(d) = 26127*d + 836319. Determine s(-32).
255
Let h(n) = 283332*n**2 - 3116651*n - 10. What is h(11)?
1
Let v(j) = -j**3 + 36*j**2 - 301*j + 32. What is v(13)?
6
Let x(n) = 2*n**3 + 101*n**2 - 965*n + 87. Calculate x(-59).
-2155
Let t(s) = -2*s**2 - 381*s - 3976. Determine t(-179).
141
Let p(u) = 2*u**3 - 18*u**2 - 509*u + 593. Calculate p(21).
488
Let v(m) = m**2 + 104*m + 753. What is v(-88)?
-655
Let a(i) = 3*i**2 - 585*i - 2989. Determine a(200).
11
Let g(a) = -18*a**2 - 8564*a + 1914. Determine g(-476).
10
Let y(u) = -491*u**2 + 2874*u + 435. What is y(6)?
3
Let o(k) = 950*k - 9751. Give o(8).
-2151
Let u(h) = -7*h**2 + 150*h + 3015. Calculate u(34).
23
Let z(s) = -4*s**3 + 32*s**2 + 573*s - 1971. Determine z(3).
-72
Let v(y) = -237*y**2 + 4083*y + 3384. Calculate v(18).
90
Let k(j) = 139317*j + 2786321. Determine k(-20).
-19
Let m(n) = -n**2 - 637*n + 11154. What is m(-654)?
36
Let v(b) = -96*b - 2339. Give v(-28).
349
Let s(f) = -4*f**2 - 2*f - 958. What is s(0)?
-958
Let v(u) = 21*u**2 + 349*u + 1404. Give v(-4).
344
Let h(t) = 139*t + 86290. What is h(-621)?
-29
Let m(z) = 14*z**3 - 651*z**2 + 327*z - 117. Calculate m(46).
113
Let p(y) = y**3 + 292*y**2 + 299*y + 2327. Calculate p(-291).
-1
Let r(p) = -2525*p + 6088. Give r(0).
6088
Let o(v) = -87105*v - 1045273. Give o(-12).
-13
Let g(h) = -7698*h - 100092. What is g(-13)?
-18
Let y(h) = 776*h + 290234. What is y(-374)?
10
Let a(q) = -3*q**2 - 1880*q + 80007. Give a(40).
7
Let w(h) = -h**2 - 124*h - 1879. Give w(-18).
29
Let s(n) = 195*n**2 - 404*n + 204. Determine s(1).
-5
Let z(w) = -w**3 + 28*w**2 - 92*w + 62. Calculate z(23).
591
Let o(d) = -16*d**2 + 8665*d + 70331. Give o(-8).
-13
Let m(x) = 508*x**2 - 3267*x - 57. Determine m(6).
-1371
Let j(i) = -173*i - 31068. Give j(-179).
-101
Let o(j) = -2*j**3 - 227*j**2 + 5166*j - 2478. Calculate o(19).
11
Let h(n) = n**3 + 353*n**2 - 3226*n + 11557. Give h(-362).
-27
Let u(w) = -w**3 + 40*w**2 + 144*w - 10352. What is u(36)?
16
Let a(j) = -98939*j + 395757. Determine a(4).
1
Let r(x) = -4*x**2 + 9376*x + 616448. Calculate r(-64).
0
Let l(b) = 78*b + 266. Give l(1).
344
Let t(y) = y**2 + 879*y + 156277. What is t(-248)?
-211
Let v(g) = 2*g**3 - 16*g**2 + 183*g - 1195. What is v(7)?
-12
Let r(m) = 228735*m - 2744821. Determine r(12).
-1
Let u(k) = k**3 + 150*k**2 + 4381*k - 2082. Give u(-110).
8
Let h(o) = -19*o**2 + 1333*o + 372. Determine h(73).
-3570
Let a(s) = -s**3 - 18*s**2 + 536*s - 5. Determine a(-34).
267
Let f(t) = -2*t**3 - 27*t**2 - 252*t + 151. What is f(-7)?
1278
Let m(a) = 3*a**2 - 443*a + 1985. Determine m(143).
-17
Let l(o) = 2870*o - 1486659. Give l(518).
1
Let n(i) = -1871129*i - 5613404. Determine n(-3).
-17
Let j(p) = -2*p**3 + 79*p**2 - 311*p + 7806. Give j(38).
320
Let n(v) = -59196*v - 414376. Calculate n(-7).
-4
Let r(z) = -z**2 - 1888*z - 22426. What is r(-12)?
86
Let m(u) = -3*u**2 - 196*u + 9246. Calculate m(-97).
31
Let y(l) = l**3 + 34*l**2 - 130*l + 914. Determine y(-38).
78
Let y(g) = 7140*g - 84825. Determine y(12).
855
Let q(l) = 9*l**3 - 713*l**2 + 158*l + 33. Calculate q(79).
33
Let u(l) = 27427*l - 3044413. What is u(111)?
-16
Let m(f) = -2*f**3 - 9*f**2 + 205*f + 451. Calculate m(-2).
21
Let c(z) = z**2 + 883*z - 18980. Determine c(21).
4
Let h(k) = -2*k**3 - 94*k**2 - 97*k - 390. Calculate h(-46).
-160
Let v(x) = -147*x - 3287. What is v(-29)?
976
Let h(l) = 1590*l**3 + 58826*l**2 - 167*l - 682. Determine h(-37).
21
Let r(g) = -2*g**2 - 166*g - 667. Give r(-76).
397
Let h(j) = -j**3 + 5*j**2 + 5434*j + 2620. Give h(-71).
-78
Let j(i) = 248185*i - 5708252. Give j(23).
3
Let u(y) = -30001*y - 11910412. Determine u(-397).
-15
Let s(j) = -j**3 - 24*j**2 + 247*j + 2371. Determine s(-8).
-629
Let i(h) = -57*h + 1292. Give i(17).
323
Let o(v) = 4192*v - 46356. Give o(11).
-244
Let z(o) = 2413*o + 26446. Calculate z(-11).
-97
Let p(w) = 21*w**2 - 502*w - 85. Calculate p(23).
-522
Let x(m) = -3*m**2 + 1196*m + 7221. What is x(-6)?
-63
Let f(z) = -z**2 - 58*z + 3520. Give f(37).
5
Let v(l) = -l**3 - 648*l**2 + 1407*l + 69460. Give v(-650).
-90
Let a(g) = -448*g**2 - 72125*g + 437. Give a(-161).
-46
Let u(a) = 5*a**2 + 100503*a - 401987. Give u(4).
105
Let h(m) = -m**2 + 19637*m - 235473. Calculate h(12).
27
Let g(k) = -k**2 - 14*k - 88. Calculate g(-31).
-615
Let g(w) = 782*w - 2411. Calculate g(3).
-65
Let u(a) = -a**3 + 12*a**2 - 33*a + 77. Determine u(9).
23
Let s(i) = -i**3 - 108*i**2 - 700*i + 487. What is s(-101)?
-220
Let d(t) = 1964*t + 47114. What is d(-24)?
-22
Let r(j) = 32*j**2 - 7898*j - 1241. What is r(247)?
241
Let k(y) = 12187*y - 1608675. What is k(132)?
9
Let s(i) = -6*i**2 - 56*i + 909. Give s(12).
-627
Let x(s) = 3409*s - 50619. What is x(15)?
516
Let x(h) = -119*h - 4740. Determine x(-42).
258
Let t(h) = -8*h**3 - 1179*h**2 - 42023*h - 150. What is t(-87)?
24
Let z(g) = -36*g**2 + 1553*g - 15. What is z(43)?
200
Let s(p) = 8*p**2 + 1306*p + 24848. What is s(-22)?
-12
Let y(g) = 3*g**2 - 280*g - 9601. What is y(120)?
-1
Let s(m) = m**3 - 20*m**2 + 32*m - 150. What is s(6)?
-462
Let v(d) = -4*d**3 - 136*d**2 - 626*d + 1. Determine v(-5).
231
Let v(b) = b**3 + 50*b**2 + 338*b - 237. Give v(-9).
42
Let n(p) = 231*p - 23538. What is n(102)?
24
Let l(n) = n**3 + 57*n**2 + 79*n + 4496. What is l(-57)?
-7
Let d(t) = t**2 - 1542*t + 452260. Determine d(1148).
-52
Let g(b) = -7*b**2 + 391*b + 3166. What is g(63)?
16
Let m(f) = f**3 + 4*f**2 + 192*f + 1232. Give m(-7).
-259
Let m(p) = 962*p + 26733. Determine m(-25).
2683
Let l(d) = 25*d**2 + 209*d - 216. Calculate l(1).
18
Let k(n) = -2*n**3 + 51*n**2 - 147*n + 1720. Give k(24).
-80
Let v(o) = o**3 - 13*o**2 - 11*o - 5. What is v(15)?
280
Let x(u) = -18*u**2 - 628*u + 122883. Give x(67).
5
Let l(o) = -113*o**2 - 5715*o + 2459. What is l(-51)?
11
Let q(t) = 1446*t + 160502. Determine q(-111).
-4
Let y(g) = g**2 - 81*g + 61. Determine y(81).
61
Let x(w) = 5*w**3 - 427*w**2 + 167*w + 263. Give x(85).
8
Let r(x) = 11*x**3 - 3272*x**2 - 5081*x - 586. Determine r(299).
12
Let n(w) = 24*w**2 + 641*w - 276. Give n(-27).
-87
Let a(t) = -2540*t - 942362. What is a(-371)?
-22
Let m(k) = 5*k**2 - 4591*k - 22975. Calculate m(-5).
105
Let d(l) = 2*l**2 + 202*l - 2012. What is d(9)?
-32
Let c(q) = -q**3 - 13*q**2 + 74*q + 32. Give c(-17).
-70
Let n(y) = y**3 + y**2 - 107*y + 711. Give n(9).
558
Let o(v) = 871*v**2 + 81898*v + 2265. Give o(-94).
9
Let y(r) = -175*r**3 + r**2 + 10*r + 26. What is y(-2)?
1410
Let n(k) = 147*k - 6341. What is n(39)?
-608
Let g(l) = 140*l**2 + 117*l + 29. Give g(-2).
355
Let n(w) = 7007*w**2 - 56044*w - 9. Determine n(8).
87
Let y(x) = 31137*x - 185489. Determine y(6).
1333
Let g(w) = 195498*w - 22286777. Calculate g(114).
-5
Let r(f) = 12*f**3 + 334*f**2 - 68*f - 204. Calculate r(-28).
132
Let v(s) = 23*s**2 - 1249*s - 12608. Calculate v(63).
-8
Let j(z) = 2*z**2 - 6162*z - 130290. Determine j(-21).
-6
Let n(v) = v**3 - 9*v**2 - 64*v + 562. Determine n(9).
-14
Let d(w) = 5*w**2 - 3769*w + 691605. What is d(438)?
3
Let i(d) = d**3 + 36*d**2 + 7017*d + 175676. What is i(-26)?
-6
Let v(u) = 5028*u + 276530. Determine v(-55).
-10
Let v(y) = -6060*y + 624175. What is v(103)?
-5
Let p(o) = o**2 + 2150*o - 107757. What is p(49)?
-6
Let u(q) = q**2 + 481*q - 54675. What is u(95)?
45
Let n(z) = -3*z**2 - 55*z + 706. Calculate n(-29).
-222
Let x(i) = 30*i**2 + 1044*i - 698. What is x(-34)?
-1514
Let j(l) = -15196*l + 27352810. Give j(1800).
10
Let h(z) = -32*z + 4765. Calculate h(156).
-227
Let s(f) = 9*f**3 + 18057*f**2 - 36158*f + 19. Determine s(2).
3
Let v(w) = w**3 - 1895*w**2 - 11988*w - 3500. Determine v(-6).
-8
Let o(x) = -31*x + 785. Determine o(6).
599
Let r(h) = 55531*h + 41148471. What is r(-741)?
0
Let w(y) = -165466*y + 661647. Determine w(4).
-217
Let o(w) = 587*w - 19604. Give o(35).
941
Let d(a) = -7*a**3 - 99*a**2 + 681*a - 9. Give d(7).
-2494
Let o(a) = 4*a**2 + 55068*a + 165163. Determine o(-3).
-5
Let c(n) = n**2 - 7470*n - 680424. Calculate c(-90).
-24
Let q(f) = f**3 + 9*f**2 + 3608*f + 21646. Determine q(-6).
106
Let y(t) = -3*t**2 - 373*t